{"id":6,"date":"2025-10-21T11:28:08","date_gmt":"2025-10-21T09:28:08","guid":{"rendered":"http:\/\/proj-complex.pl\/?page_id=6"},"modified":"2025-10-21T12:21:42","modified_gmt":"2025-10-21T10:21:42","slug":"store","status":"publish","type":"page","link":"https:\/\/proj-complex.pl\/?page_id=6","title":{"rendered":"Oferta"},"content":{"rendered":"\n<figure class=\"wp-block-gallery has-nested-images columns-default is-cropped wp-block-gallery-1 is-layout-flex wp-block-gallery-is-layout-flex\">\n<figure class=\"wp-block-image size-large\"><img fetchpriority=\"high\" decoding=\"async\" width=\"500\" height=\"500\" data-id=\"24\" src=\"https:\/\/proj-complex.pl\/wp-content\/uploads\/2025\/10\/Najlepsi-oferteo-2019.jpg\" alt=\"\" class=\"wp-image-24\" srcset=\"https:\/\/proj-complex.pl\/wp-content\/uploads\/2025\/10\/Najlepsi-oferteo-2019.jpg 500w, https:\/\/proj-complex.pl\/wp-content\/uploads\/2025\/10\/Najlepsi-oferteo-2019-300x300.jpg 300w, https:\/\/proj-complex.pl\/wp-content\/uploads\/2025\/10\/Najlepsi-oferteo-2019-150x150.jpg 150w, https:\/\/proj-complex.pl\/wp-content\/uploads\/2025\/10\/Najlepsi-oferteo-2019-100x100.jpg 100w\" sizes=\"(max-width: 500px) 100vw, 500px\" \/><\/figure>\n\n\n\n<figure class=\"wp-block-image size-large\"><img decoding=\"async\" width=\"500\" height=\"500\" data-id=\"25\" src=\"https:\/\/proj-complex.pl\/wp-content\/uploads\/2025\/10\/Najlepsi-oferteo-2020.png\" alt=\"\" class=\"wp-image-25\" srcset=\"https:\/\/proj-complex.pl\/wp-content\/uploads\/2025\/10\/Najlepsi-oferteo-2020.png 500w, https:\/\/proj-complex.pl\/wp-content\/uploads\/2025\/10\/Najlepsi-oferteo-2020-300x300.png 300w, https:\/\/proj-complex.pl\/wp-content\/uploads\/2025\/10\/Najlepsi-oferteo-2020-150x150.png 150w, https:\/\/proj-complex.pl\/wp-content\/uploads\/2025\/10\/Najlepsi-oferteo-2020-100x100.png 100w\" sizes=\"(max-width: 500px) 100vw, 500px\" \/><\/figure>\n\n\n\n<figure class=\"wp-block-image size-large\"><img decoding=\"async\" width=\"1000\" height=\"1000\" data-id=\"23\" src=\"https:\/\/proj-complex.pl\/wp-content\/uploads\/2025\/10\/Najlepsi-oferteo-2021.jpg\" alt=\"\" class=\"wp-image-23\" srcset=\"https:\/\/proj-complex.pl\/wp-content\/uploads\/2025\/10\/Najlepsi-oferteo-2021.jpg 1000w, https:\/\/proj-complex.pl\/wp-content\/uploads\/2025\/10\/Najlepsi-oferteo-2021-300x300.jpg 300w, https:\/\/proj-complex.pl\/wp-content\/uploads\/2025\/10\/Najlepsi-oferteo-2021-150x150.jpg 150w, https:\/\/proj-complex.pl\/wp-content\/uploads\/2025\/10\/Najlepsi-oferteo-2021-768x768.jpg 768w, https:\/\/proj-complex.pl\/wp-content\/uploads\/2025\/10\/Najlepsi-oferteo-2021-100x100.jpg 100w\" sizes=\"(max-width: 767px) 89vw, (max-width: 1000px) 54vw, (max-width: 1071px) 543px, 580px\" \/><\/figure>\n<\/figure>\n\n\n\n<p>-PROJEKTY TYPOWE <\/p>\n\n\n\n<p>&#8211; PROJEKTY INDYWIDUALNE<\/p>\n\n\n\n<p>-INWENTARYZACJA<\/p>\n\n\n\n<p>-ARANZACJA WNETRZ<\/p>\n\n\n\n<p>-PROJEKTY OGROD\u00d3W<\/p>\n\n\n\n<p>-OPINIE I EKSPERTYZY TECHNICZNE<\/p>\n\n\n\n<p>-NADZORY BUDOWLANE<\/p>\n\n\n\n<p>-\u015aWIADECTWA ENERGETYCZNE<\/p>\n\n\n\n<p>Zainteresowanych zach\u0119camy do z\u0142o\u017cenia zapytania ofertowego lub skontaktowania si\u0119 z nami telefonicznie pod numerami telefonu: <strong>52\/584-00-44, 600-878-115, 602-492-997.<\/strong><\/p>\n\n\n\n<p><\/p>\n","protected":false},"excerpt":{"rendered":"<p>-PROJEKTY TYPOWE &#8211; PROJEKTY INDYWIDUALNE -INWENTARYZACJA -ARANZACJA WNETRZ -PROJEKTY OGROD\u00d3W -OPINIE I EKSPERTYZY TECHNICZNE -NADZORY BUDOWLANE -\u015aWIADECTWA ENERGETYCZNE Zainteresowanych zach\u0119camy do z\u0142o\u017cenia zapytania ofertowego lub skontaktowania si\u0119 z nami telefonicznie pod numerami telefonu: 52\/584-00-44, 600-878-115, 602-492-997.<\/p>\n","protected":false},"author":1,"featured_media":0,"parent":0,"menu_order":0,"comment_status":"closed","ping_status":"closed","template":"","meta":{"footnotes":""},"class_list":["post-6","page","type-page","status-publish","hentry"],"yoast_head":"<!-- This site is optimized with the Yoast SEO plugin v26.2 - https:\/\/yoast.com\/wordpress\/plugins\/seo\/ -->\n<title>Oferta - PROJ-COMPLEX ZAPRASZA<\/title>\n<meta name=\"robots\" content=\"index, follow, max-snippet:-1, max-image-preview:large, max-video-preview:-1\" \/>\n<link rel=\"canonical\" href=\"https:\/\/proj-complex.pl\/?page_id=6\" \/>\n<meta property=\"og:locale\" content=\"en_US\" \/>\n<meta property=\"og:type\" content=\"article\" \/>\n<meta property=\"og:title\" content=\"Oferta - PROJ-COMPLEX ZAPRASZA\" \/>\n<meta property=\"og:description\" content=\"-PROJEKTY TYPOWE &#8211; PROJEKTY INDYWIDUALNE -INWENTARYZACJA -ARANZACJA WNETRZ -PROJEKTY OGROD\u00d3W -OPINIE I EKSPERTYZY TECHNICZNE -NADZORY BUDOWLANE -\u015aWIADECTWA ENERGETYCZNE Zainteresowanych zach\u0119camy do z\u0142o\u017cenia zapytania ofertowego lub skontaktowania si\u0119 z nami telefonicznie pod numerami telefonu: 52\/584-00-44, 600-878-115, 602-492-997.\" \/>\n<meta property=\"og:url\" content=\"https:\/\/proj-complex.pl\/?page_id=6\" \/>\n<meta property=\"og:site_name\" content=\"PROJ-COMPLEX ZAPRASZA\" \/>\n<meta property=\"article:modified_time\" content=\"2025-10-21T10:21:42+00:00\" \/>\n<meta property=\"og:image\" content=\"https:\/\/proj-complex.pl\/wp-content\/uploads\/2025\/10\/Najlepsi-oferteo-2019.jpg\" \/>\n\t<meta property=\"og:image:width\" content=\"500\" \/>\n\t<meta property=\"og:image:height\" content=\"500\" \/>\n\t<meta property=\"og:image:type\" content=\"image\/jpeg\" \/>\n<meta name=\"twitter:card\" content=\"summary_large_image\" \/>\n<meta name=\"twitter:label1\" content=\"Est. reading time\" \/>\n\t<meta name=\"twitter:data1\" content=\"1 minute\" \/>\n<script type=\"application\/ld+json\" class=\"yoast-schema-graph\">{\"@context\":\"https:\/\/schema.org\",\"@graph\":[{\"@type\":\"WebPage\",\"@id\":\"https:\/\/proj-complex.pl\/?page_id=6\",\"url\":\"https:\/\/proj-complex.pl\/?page_id=6\",\"name\":\"Oferta - PROJ-COMPLEX ZAPRASZA\",\"isPartOf\":{\"@id\":\"https:\/\/proj-complex.pl\/#website\"},\"primaryImageOfPage\":{\"@id\":\"https:\/\/proj-complex.pl\/?page_id=6#primaryimage\"},\"image\":{\"@id\":\"https:\/\/proj-complex.pl\/?page_id=6#primaryimage\"},\"thumbnailUrl\":\"https:\/\/proj-complex.pl\/wp-content\/uploads\/2025\/10\/Najlepsi-oferteo-2019.jpg\",\"datePublished\":\"2025-10-21T09:28:08+00:00\",\"dateModified\":\"2025-10-21T10:21:42+00:00\",\"breadcrumb\":{\"@id\":\"https:\/\/proj-complex.pl\/?page_id=6#breadcrumb\"},\"inLanguage\":\"en-US\",\"potentialAction\":[{\"@type\":\"ReadAction\",\"target\":[\"https:\/\/proj-complex.pl\/?page_id=6\"]}]},{\"@type\":\"ImageObject\",\"inLanguage\":\"en-US\",\"@id\":\"https:\/\/proj-complex.pl\/?page_id=6#primaryimage\",\"url\":\"https:\/\/proj-complex.pl\/wp-content\/uploads\/2025\/10\/Najlepsi-oferteo-2019.jpg\",\"contentUrl\":\"https:\/\/proj-complex.pl\/wp-content\/uploads\/2025\/10\/Najlepsi-oferteo-2019.jpg\",\"width\":500,\"height\":500},{\"@type\":\"BreadcrumbList\",\"@id\":\"https:\/\/proj-complex.pl\/?page_id=6#breadcrumb\",\"itemListElement\":[{\"@type\":\"ListItem\",\"position\":1,\"name\":\"Home\",\"item\":\"https:\/\/proj-complex.pl\/\"},{\"@type\":\"ListItem\",\"position\":2,\"name\":\"Oferta\"}]},{\"@type\":\"WebSite\",\"@id\":\"https:\/\/proj-complex.pl\/#website\",\"url\":\"https:\/\/proj-complex.pl\/\",\"name\":\"PROJ-COMPLEX ZAPRASZA\",\"description\":\"ZAPROJEKTUJ Z NAMI SWOJ\u0104 PRZESTRZE\u0143\",\"potentialAction\":[{\"@type\":\"SearchAction\",\"target\":{\"@type\":\"EntryPoint\",\"urlTemplate\":\"https:\/\/proj-complex.pl\/?s={search_term_string}\"},\"query-input\":{\"@type\":\"PropertyValueSpecification\",\"valueRequired\":true,\"valueName\":\"search_term_string\"}}],\"inLanguage\":\"en-US\"}]}<\/script>\n<!-- \/ Yoast SEO plugin. -->","yoast_head_json":{"title":"Oferta - PROJ-COMPLEX ZAPRASZA","robots":{"index":"index","follow":"follow","max-snippet":"max-snippet:-1","max-image-preview":"max-image-preview:large","max-video-preview":"max-video-preview:-1"},"canonical":"https:\/\/proj-complex.pl\/?page_id=6","og_locale":"en_US","og_type":"article","og_title":"Oferta - PROJ-COMPLEX ZAPRASZA","og_description":"-PROJEKTY TYPOWE &#8211; PROJEKTY INDYWIDUALNE -INWENTARYZACJA -ARANZACJA WNETRZ -PROJEKTY OGROD\u00d3W -OPINIE I EKSPERTYZY TECHNICZNE -NADZORY BUDOWLANE -\u015aWIADECTWA ENERGETYCZNE Zainteresowanych zach\u0119camy do z\u0142o\u017cenia zapytania ofertowego lub skontaktowania si\u0119 z nami telefonicznie pod numerami telefonu: 52\/584-00-44, 600-878-115, 602-492-997.","og_url":"https:\/\/proj-complex.pl\/?page_id=6","og_site_name":"PROJ-COMPLEX ZAPRASZA","article_modified_time":"2025-10-21T10:21:42+00:00","og_image":[{"width":500,"height":500,"url":"https:\/\/proj-complex.pl\/wp-content\/uploads\/2025\/10\/Najlepsi-oferteo-2019.jpg","type":"image\/jpeg"}],"twitter_card":"summary_large_image","twitter_misc":{"Est. reading time":"1 minute"},"schema":{"@context":"https:\/\/schema.org","@graph":[{"@type":"WebPage","@id":"https:\/\/proj-complex.pl\/?page_id=6","url":"https:\/\/proj-complex.pl\/?page_id=6","name":"Oferta - PROJ-COMPLEX ZAPRASZA","isPartOf":{"@id":"https:\/\/proj-complex.pl\/#website"},"primaryImageOfPage":{"@id":"https:\/\/proj-complex.pl\/?page_id=6#primaryimage"},"image":{"@id":"https:\/\/proj-complex.pl\/?page_id=6#primaryimage"},"thumbnailUrl":"https:\/\/proj-complex.pl\/wp-content\/uploads\/2025\/10\/Najlepsi-oferteo-2019.jpg","datePublished":"2025-10-21T09:28:08+00:00","dateModified":"2025-10-21T10:21:42+00:00","breadcrumb":{"@id":"https:\/\/proj-complex.pl\/?page_id=6#breadcrumb"},"inLanguage":"en-US","potentialAction":[{"@type":"ReadAction","target":["https:\/\/proj-complex.pl\/?page_id=6"]}]},{"@type":"ImageObject","inLanguage":"en-US","@id":"https:\/\/proj-complex.pl\/?page_id=6#primaryimage","url":"https:\/\/proj-complex.pl\/wp-content\/uploads\/2025\/10\/Najlepsi-oferteo-2019.jpg","contentUrl":"https:\/\/proj-complex.pl\/wp-content\/uploads\/2025\/10\/Najlepsi-oferteo-2019.jpg","width":500,"height":500},{"@type":"BreadcrumbList","@id":"https:\/\/proj-complex.pl\/?page_id=6#breadcrumb","itemListElement":[{"@type":"ListItem","position":1,"name":"Home","item":"https:\/\/proj-complex.pl\/"},{"@type":"ListItem","position":2,"name":"Oferta"}]},{"@type":"WebSite","@id":"https:\/\/proj-complex.pl\/#website","url":"https:\/\/proj-complex.pl\/","name":"PROJ-COMPLEX ZAPRASZA","description":"ZAPROJEKTUJ Z NAMI SWOJ\u0104 PRZESTRZE\u0143","potentialAction":[{"@type":"SearchAction","target":{"@type":"EntryPoint","urlTemplate":"https:\/\/proj-complex.pl\/?s={search_term_string}"},"query-input":{"@type":"PropertyValueSpecification","valueRequired":true,"valueName":"search_term_string"}}],"inLanguage":"en-US"}]}},"_links":{"self":[{"href":"https:\/\/proj-complex.pl\/index.php?rest_route=\/wp\/v2\/pages\/6","targetHints":{"allow":["GET"]}}],"collection":[{"href":"https:\/\/proj-complex.pl\/index.php?rest_route=\/wp\/v2\/pages"}],"about":[{"href":"https:\/\/proj-complex.pl\/index.php?rest_route=\/wp\/v2\/types\/page"}],"author":[{"embeddable":true,"href":"https:\/\/proj-complex.pl\/index.php?rest_route=\/wp\/v2\/users\/1"}],"replies":[{"embeddable":true,"href":"https:\/\/proj-complex.pl\/index.php?rest_route=%2Fwp%2Fv2%2Fcomments&post=6"}],"version-history":[{"count":2,"href":"https:\/\/proj-complex.pl\/index.php?rest_route=\/wp\/v2\/pages\/6\/revisions"}],"predecessor-version":[{"id":31,"href":"https:\/\/proj-complex.pl\/index.php?rest_route=\/wp\/v2\/pages\/6\/revisions\/31"}],"wp:attachment":[{"href":"https:\/\/proj-complex.pl\/index.php?rest_route=%2Fwp%2Fv2%2Fmedia&parent=6"}],"curies":[{"name":"wp","href":"https:\/\/api.w.org\/{rel}","templated":true}]}}